{"id":943,"date":"2020-04-09T01:57:19","date_gmt":"2020-04-08T23:57:19","guid":{"rendered":"https:\/\/fbassocies-avocats.fr\/?post_type=domaines_int&#038;p=943"},"modified":"2020-05-05T17:23:04","modified_gmt":"2020-05-05T15:23:04","slug":"relations-de-travail-et-droit-syndical","status":"publish","type":"domaines_int","link":"https:\/\/fbassocies-avocats.fr\/?domaines_int=relations-de-travail-et-droit-syndical","title":{"rendered":"Relations de travail et droit syndical"},"content":{"rendered":"<div class=\"entry-content\">\n<div id=\"desc2\">Aux c\u00f4t\u00e9s des salari\u00e9s et des syndicats professionnels, nous sommes votre partenaire privil\u00e9gi\u00e9 pour toute question en droit du travail&#8230;<\/div>\n<div id=\"desc\">\n<ul class=\"wrapper\">\n<li>Licenciement<\/li>\n<li>N\u00e9gociation de rupture conventionnelle<\/li>\n<li>Harc\u00e8lement et discrimination<\/li>\n<li>Litiges prud\u2019homaux<\/li>\n<li>Droit syndical et droit collectif du travail<\/li>\n<\/ul>\n<\/div>\n<\/div>\n<footer class=\"entry-meta aux-after-content\"><\/footer>\n","protected":false},"featured_media":1235,"template":"","acf":[],"yoast_head":"<!-- This site is optimized with the Yoast SEO plugin v21.9.1 - https:\/\/yoast.com\/wordpress\/plugins\/seo\/ -->\n<title>Relations de travail et droit syndical -<\/title>\n<meta name=\"robots\" content=\"index, follow, max-snippet:-1, max-image-preview:large, max-video-preview:-1\" \/>\n<link rel=\"canonical\" href=\"https:\/\/fbassocies-avocats.fr\/?domaines_int=relations-de-travail-et-droit-syndical\" \/>\n<meta property=\"og:locale\" content=\"fr_FR\" \/>\n<meta property=\"og:type\" content=\"article\" \/>\n<meta property=\"og:title\" content=\"Relations de travail et droit syndical -\" \/>\n<meta property=\"og:description\" content=\"Aux c\u00f4t\u00e9s des salari\u00e9s et des syndicats professionnels, nous sommes votre partenaire privil\u00e9gi\u00e9 pour toute question en droit du travail&#8230; Licenciement N\u00e9gociation de rupture conventionnelle Harc\u00e8lement et discrimination Litiges prud\u2019homaux Droit syndical et droit collectif du travail\" \/>\n<meta property=\"og:url\" content=\"https:\/\/fbassocies-avocats.fr\/?domaines_int=relations-de-travail-et-droit-syndical\" \/>\n<meta property=\"article:modified_time\" content=\"2020-05-05T15:23:04+00:00\" \/>\n<meta property=\"og:image\" content=\"https:\/\/fbassocies-avocats.fr\/wp-content\/uploads\/2020\/04\/alex-kotliarskyi-QBpZGqEMsKg-unsplash-scaled.jpg\" \/>\n\t<meta property=\"og:image:width\" content=\"2560\" \/>\n\t<meta property=\"og:image:height\" content=\"1707\" \/>\n\t<meta property=\"og:image:type\" content=\"image\/jpeg\" \/>\n<meta name=\"twitter:card\" content=\"summary_large_image\" \/>\n<script type=\"application\/ld+json\" class=\"yoast-schema-graph\">{\"@context\":\"https:\/\/schema.org\",\"@graph\":[{\"@type\":\"WebPage\",\"@id\":\"https:\/\/fbassocies-avocats.fr\/?domaines_int=relations-de-travail-et-droit-syndical\",\"url\":\"https:\/\/fbassocies-avocats.fr\/?domaines_int=relations-de-travail-et-droit-syndical\",\"name\":\"Relations de travail et droit syndical -\",\"isPartOf\":{\"@id\":\"https:\/\/fbassocies-avocats.fr\/#website\"},\"datePublished\":\"2020-04-08T23:57:19+00:00\",\"dateModified\":\"2020-05-05T15:23:04+00:00\",\"breadcrumb\":{\"@id\":\"https:\/\/fbassocies-avocats.fr\/?domaines_int=relations-de-travail-et-droit-syndical#breadcrumb\"},\"inLanguage\":\"fr-FR\",\"potentialAction\":[{\"@type\":\"ReadAction\",\"target\":[\"https:\/\/fbassocies-avocats.fr\/?domaines_int=relations-de-travail-et-droit-syndical\"]}]},{\"@type\":\"BreadcrumbList\",\"@id\":\"https:\/\/fbassocies-avocats.fr\/?domaines_int=relations-de-travail-et-droit-syndical#breadcrumb\",\"itemListElement\":[{\"@type\":\"ListItem\",\"position\":1,\"name\":\"Home\",\"item\":\"https:\/\/fbassocies-avocats.fr\/\"},{\"@type\":\"ListItem\",\"position\":2,\"name\":\"Domaines d&#039;interventions\",\"item\":\"https:\/\/fbassocies-avocats.fr\/?post_type=domaines_int\"},{\"@type\":\"ListItem\",\"position\":3,\"name\":\"Relations de travail et droit syndical\"}]},{\"@type\":\"WebSite\",\"@id\":\"https:\/\/fbassocies-avocats.fr\/#website\",\"url\":\"https:\/\/fbassocies-avocats.fr\/\",\"name\":\"\",\"description\":\"\",\"potentialAction\":[{\"@type\":\"SearchAction\",\"target\":{\"@type\":\"EntryPoint\",\"urlTemplate\":\"https:\/\/fbassocies-avocats.fr\/?s={search_term_string}\"},\"query-input\":\"required name=search_term_string\"}],\"inLanguage\":\"fr-FR\"}]}<\/script>\n<!-- \/ Yoast SEO plugin. -->","yoast_head_json":{"title":"Relations de travail et droit syndical -","robots":{"index":"index","follow":"follow","max-snippet":"max-snippet:-1","max-image-preview":"max-image-preview:large","max-video-preview":"max-video-preview:-1"},"canonical":"https:\/\/fbassocies-avocats.fr\/?domaines_int=relations-de-travail-et-droit-syndical","og_locale":"fr_FR","og_type":"article","og_title":"Relations de travail et droit syndical -","og_description":"Aux c\u00f4t\u00e9s des salari\u00e9s et des syndicats professionnels, nous sommes votre partenaire privil\u00e9gi\u00e9 pour toute question en droit du travail&#8230; Licenciement N\u00e9gociation de rupture conventionnelle Harc\u00e8lement et discrimination Litiges prud\u2019homaux Droit syndical et droit collectif du travail","og_url":"https:\/\/fbassocies-avocats.fr\/?domaines_int=relations-de-travail-et-droit-syndical","article_modified_time":"2020-05-05T15:23:04+00:00","og_image":[{"width":2560,"height":1707,"url":"https:\/\/fbassocies-avocats.fr\/wp-content\/uploads\/2020\/04\/alex-kotliarskyi-QBpZGqEMsKg-unsplash-scaled.jpg","type":"image\/jpeg"}],"twitter_card":"summary_large_image","schema":{"@context":"https:\/\/schema.org","@graph":[{"@type":"WebPage","@id":"https:\/\/fbassocies-avocats.fr\/?domaines_int=relations-de-travail-et-droit-syndical","url":"https:\/\/fbassocies-avocats.fr\/?domaines_int=relations-de-travail-et-droit-syndical","name":"Relations de travail et droit syndical -","isPartOf":{"@id":"https:\/\/fbassocies-avocats.fr\/#website"},"datePublished":"2020-04-08T23:57:19+00:00","dateModified":"2020-05-05T15:23:04+00:00","breadcrumb":{"@id":"https:\/\/fbassocies-avocats.fr\/?domaines_int=relations-de-travail-et-droit-syndical#breadcrumb"},"inLanguage":"fr-FR","potentialAction":[{"@type":"ReadAction","target":["https:\/\/fbassocies-avocats.fr\/?domaines_int=relations-de-travail-et-droit-syndical"]}]},{"@type":"BreadcrumbList","@id":"https:\/\/fbassocies-avocats.fr\/?domaines_int=relations-de-travail-et-droit-syndical#breadcrumb","itemListElement":[{"@type":"ListItem","position":1,"name":"Home","item":"https:\/\/fbassocies-avocats.fr\/"},{"@type":"ListItem","position":2,"name":"Domaines d&#039;interventions","item":"https:\/\/fbassocies-avocats.fr\/?post_type=domaines_int"},{"@type":"ListItem","position":3,"name":"Relations de travail et droit syndical"}]},{"@type":"WebSite","@id":"https:\/\/fbassocies-avocats.fr\/#website","url":"https:\/\/fbassocies-avocats.fr\/","name":"","description":"","potentialAction":[{"@type":"SearchAction","target":{"@type":"EntryPoint","urlTemplate":"https:\/\/fbassocies-avocats.fr\/?s={search_term_string}"},"query-input":"required name=search_term_string"}],"inLanguage":"fr-FR"}]}},"_links":{"self":[{"href":"https:\/\/fbassocies-avocats.fr\/index.php?rest_route=\/wp\/v2\/domaines_int\/943"}],"collection":[{"href":"https:\/\/fbassocies-avocats.fr\/index.php?rest_route=\/wp\/v2\/domaines_int"}],"about":[{"href":"https:\/\/fbassocies-avocats.fr\/index.php?rest_route=\/wp\/v2\/types\/domaines_int"}],"wp:featuredmedia":[{"embeddable":true,"href":"https:\/\/fbassocies-avocats.fr\/index.php?rest_route=\/wp\/v2\/media\/1235"}],"wp:attachment":[{"href":"https:\/\/fbassocies-avocats.fr\/index.php?rest_route=%2Fwp%2Fv2%2Fmedia&parent=943"}],"curies":[{"name":"wp","href":"https:\/\/api.w.org\/{rel}","templated":true}]}}

<div class="entry-content">
<div id="desc2">Aux côtés des salariés et des syndicats professionnels, nous sommes votre partenaire privilégié pour toute question en droit du travail&#8230;</div>
<div id="desc">
<ul class="wrapper">
<li>Licenciement</li>
<li>Négociation de rupture conventionnelle</li>
<li>Harcèlement et discrimination</li>
<li>Litiges prud’homaux</li>
<li>Droit syndical et droit collectif du travail</li>
</ul>
</div>
</div>
<footer class="entry-meta aux-after-content"></footer>

<!-- This site is optimized with the Yoast SEO plugin v21.9.1 - https://yoast.com/wordpress/plugins/seo/ -->
<title>Relations de travail et droit syndical -</title>
<meta name="robots" content="index, follow, max-snippet:-1, max-image-preview:large, max-video-preview:-1" />
<link rel="canonical" href="https://fbassocies-avocats.fr/?domaines_int=relations-de-travail-et-droit-syndical" />
<meta property="og:locale" content="fr_FR" />
<meta property="og:type" content="article" />
<meta property="og:title" content="Relations de travail et droit syndical -" />
<meta property="og:description" content="Aux côtés des salariés et des syndicats professionnels, nous sommes votre partenaire privilégié pour toute question en droit du travail&#8230; Licenciement Négociation de rupture conventionnelle Harcèlement et discrimination Litiges prud’homaux Droit syndical et droit collectif du travail" />
<meta property="og:url" content="https://fbassocies-avocats.fr/?domaines_int=relations-de-travail-et-droit-syndical" />
<meta property="article:modified_time" content="2020-05-05T15:23:04+00:00" />
<meta property="og:image" content="https://fbassocies-avocats.fr/wp-content/uploads/2020/04/alex-kotliarskyi-QBpZGqEMsKg-unsplash-scaled.jpg" />
	<meta property="og:image:width" content="2560" />
	<meta property="og:image:height" content="1707" />
	<meta property="og:image:type" content="image/jpeg" />
<meta name="twitter:card" content="summary_large_image" />
<script type="application/ld+json" class="yoast-schema-graph">{"@context":"https://schema.org","@graph":[{"@type":"WebPage","@id":"https://fbassocies-avocats.fr/?domaines_int=relations-de-travail-et-droit-syndical","url":"https://fbassocies-avocats.fr/?domaines_int=relations-de-travail-et-droit-syndical","name":"Relations de travail et droit syndical -","isPartOf":{"@id":"https://fbassocies-avocats.fr/#website"},"datePublished":"2020-04-08T23:57:19+00:00","dateModified":"2020-05-05T15:23:04+00:00","breadcrumb":{"@id":"https://fbassocies-avocats.fr/?domaines_int=relations-de-travail-et-droit-syndical#breadcrumb"},"inLanguage":"fr-FR","potentialAction":[{"@type":"ReadAction","target":["https://fbassocies-avocats.fr/?domaines_int=relations-de-travail-et-droit-syndical"]}]},{"@type":"BreadcrumbList","@id":"https://fbassocies-avocats.fr/?domaines_int=relations-de-travail-et-droit-syndical#breadcrumb","itemListElement":[{"@type":"ListItem","position":1,"name":"Home","item":"https://fbassocies-avocats.fr/"},{"@type":"ListItem","position":2,"name":"Domaines d&#039;interventions","item":"https://fbassocies-avocats.fr/?post_type=domaines_int"},{"@type":"ListItem","position":3,"name":"Relations de travail et droit syndical"}]},{"@type":"WebSite","@id":"https://fbassocies-avocats.fr/#website","url":"https://fbassocies-avocats.fr/","name":"","description":"","potentialAction":[{"@type":"SearchAction","target":{"@type":"EntryPoint","urlTemplate":"https://fbassocies-avocats.fr/?s={search_term_string}"},"query-input":"required name=search_term_string"}],"inLanguage":"fr-FR"}]}</script>
<!-- / Yoast SEO plugin. -->

Aux côtés des salariés et des syndicats professionnels, nous sommes votre partenaire privilégié pour toute question en droit du travail&#8230; Licenciement Négociation de rupture conventionnelle Harcèlement et discrimination Litiges prud’homaux Droit syndical et droit collectif du travail
