{"id":955,"date":"2020-04-09T03:07:06","date_gmt":"2020-04-09T01:07:06","guid":{"rendered":"https:\/\/fbassocies-avocats.fr\/?post_type=team_manager&#038;p=955"},"modified":"2024-02-11T14:05:02","modified_gmt":"2024-02-11T13:05:02","slug":"test-beta","status":"publish","type":"team_manager","link":"https:\/\/fbassocies-avocats.fr\/?team_manager=test-beta","title":{"rendered":"Ma\u00eetre Mathieu BARONET"},"content":{"rendered":"<div class=\"entry-content\"><span style=\"color: #808080; font-family: tahoma,arial,helvetica,sans-serif; font-size: 12pt;\"><strong>Qualit\u00e9 <\/strong>: Avocat associ\u00e9<\/span><\/div>\n<div><span style=\"color: #808080; font-family: tahoma,arial,helvetica,sans-serif; font-size: 12pt;\"><strong>Prestation de serment <\/strong>: 2009<\/span><\/div>\n<div class=\"entry-content\"><span style=\"color: #808080; font-family: tahoma,arial,helvetica,sans-serif; font-size: 12pt;\"><strong>Dipl\u00f4mes <\/strong>: Master 2 Droit et pratique des relations du travail, Facult\u00e9 de Sceaux ; CAPA, CRFPA de Versailles.<\/span><br \/>\n<span style=\"color: #808080; font-family: tahoma,arial,helvetica,sans-serif; font-size: 12pt;\"><b>Description <\/b>: Avocat fondateur du cabinet, il est r\u00e9f\u00e9rent en mati\u00e8re de droit administratif, commercial, p\u00e9nal et social.\u00a0<\/span><\/div>\n<div>\u00a0<\/div>\n","protected":false},"featured_media":1216,"menu_order":0,"template":"","team_groups":[],"team_designation":[],"team_department":[],"team_genders":[],"acf":[],"yoast_head":"<!-- This site is optimized with the Yoast SEO plugin v21.9.1 - https:\/\/yoast.com\/wordpress\/plugins\/seo\/ -->\n<title>Ma\u00eetre Mathieu BARONET -<\/title>\n<meta name=\"robots\" content=\"index, follow, max-snippet:-1, max-image-preview:large, max-video-preview:-1\" \/>\n<link rel=\"canonical\" href=\"https:\/\/fbassocies-avocats.fr\/?team_manager=test-beta\" \/>\n<meta property=\"og:locale\" content=\"fr_FR\" \/>\n<meta property=\"og:type\" content=\"article\" \/>\n<meta property=\"og:title\" content=\"Ma\u00eetre Mathieu BARONET -\" \/>\n<meta property=\"og:description\" content=\"Qualit\u00e9 : Avocat associ\u00e9 Prestation de serment : 2009 Dipl\u00f4mes : Master 2 Droit et pratique des relations du travail, Facult\u00e9 de Sceaux ; CAPA, CRFPA de Versailles. Description : Avocat fondateur du cabinet, il est r\u00e9f\u00e9rent en mati\u00e8re de droit administratif, commercial, p\u00e9nal et social.\u00a0 \u00a0\" \/>\n<meta property=\"og:url\" content=\"https:\/\/fbassocies-avocats.fr\/?team_manager=test-beta\" \/>\n<meta property=\"article:modified_time\" content=\"2024-02-11T13:05:02+00:00\" \/>\n<meta property=\"og:image\" content=\"https:\/\/fbassocies-avocats.fr\/wp-content\/uploads\/2020\/04\/photo-mathieu.png\" \/>\n\t<meta property=\"og:image:width\" content=\"412\" \/>\n\t<meta property=\"og:image:height\" content=\"431\" \/>\n\t<meta property=\"og:image:type\" content=\"image\/png\" \/>\n<meta name=\"twitter:card\" content=\"summary_large_image\" \/>\n<meta name=\"twitter:label1\" content=\"Dur\u00e9e de lecture estim\u00e9e\" \/>\n\t<meta name=\"twitter:data1\" content=\"1 minute\" \/>\n<script type=\"application\/ld+json\" class=\"yoast-schema-graph\">{\"@context\":\"https:\/\/schema.org\",\"@graph\":[{\"@type\":\"WebPage\",\"@id\":\"https:\/\/fbassocies-avocats.fr\/?team_manager=test-beta\",\"url\":\"https:\/\/fbassocies-avocats.fr\/?team_manager=test-beta\",\"name\":\"Ma\u00eetre Mathieu BARONET -\",\"isPartOf\":{\"@id\":\"https:\/\/fbassocies-avocats.fr\/#website\"},\"datePublished\":\"2020-04-09T01:07:06+00:00\",\"dateModified\":\"2024-02-11T13:05:02+00:00\",\"breadcrumb\":{\"@id\":\"https:\/\/fbassocies-avocats.fr\/?team_manager=test-beta#breadcrumb\"},\"inLanguage\":\"fr-FR\",\"potentialAction\":[{\"@type\":\"ReadAction\",\"target\":[\"https:\/\/fbassocies-avocats.fr\/?team_manager=test-beta\"]}]},{\"@type\":\"BreadcrumbList\",\"@id\":\"https:\/\/fbassocies-avocats.fr\/?team_manager=test-beta#breadcrumb\",\"itemListElement\":[{\"@type\":\"ListItem\",\"position\":1,\"name\":\"Home\",\"item\":\"https:\/\/fbassocies-avocats.fr\/\"},{\"@type\":\"ListItem\",\"position\":2,\"name\":\"Team\",\"item\":\"https:\/\/fbassocies-avocats.fr\/?post_type=team_manager\"},{\"@type\":\"ListItem\",\"position\":3,\"name\":\"Ma\u00eetre Mathieu BARONET\"}]},{\"@type\":\"WebSite\",\"@id\":\"https:\/\/fbassocies-avocats.fr\/#website\",\"url\":\"https:\/\/fbassocies-avocats.fr\/\",\"name\":\"\",\"description\":\"\",\"potentialAction\":[{\"@type\":\"SearchAction\",\"target\":{\"@type\":\"EntryPoint\",\"urlTemplate\":\"https:\/\/fbassocies-avocats.fr\/?s={search_term_string}\"},\"query-input\":\"required name=search_term_string\"}],\"inLanguage\":\"fr-FR\"}]}<\/script>\n<!-- \/ Yoast SEO plugin. -->","yoast_head_json":{"title":"Ma\u00eetre Mathieu BARONET -","robots":{"index":"index","follow":"follow","max-snippet":"max-snippet:-1","max-image-preview":"max-image-preview:large","max-video-preview":"max-video-preview:-1"},"canonical":"https:\/\/fbassocies-avocats.fr\/?team_manager=test-beta","og_locale":"fr_FR","og_type":"article","og_title":"Ma\u00eetre Mathieu BARONET -","og_description":"Qualit\u00e9 : Avocat associ\u00e9 Prestation de serment : 2009 Dipl\u00f4mes : Master 2 Droit et pratique des relations du travail, Facult\u00e9 de Sceaux ; CAPA, CRFPA de Versailles. Description : Avocat fondateur du cabinet, il est r\u00e9f\u00e9rent en mati\u00e8re de droit administratif, commercial, p\u00e9nal et social.\u00a0 \u00a0","og_url":"https:\/\/fbassocies-avocats.fr\/?team_manager=test-beta","article_modified_time":"2024-02-11T13:05:02+00:00","og_image":[{"width":412,"height":431,"url":"https:\/\/fbassocies-avocats.fr\/wp-content\/uploads\/2020\/04\/photo-mathieu.png","type":"image\/png"}],"twitter_card":"summary_large_image","twitter_misc":{"Dur\u00e9e de lecture estim\u00e9e":"1 minute"},"schema":{"@context":"https:\/\/schema.org","@graph":[{"@type":"WebPage","@id":"https:\/\/fbassocies-avocats.fr\/?team_manager=test-beta","url":"https:\/\/fbassocies-avocats.fr\/?team_manager=test-beta","name":"Ma\u00eetre Mathieu BARONET -","isPartOf":{"@id":"https:\/\/fbassocies-avocats.fr\/#website"},"datePublished":"2020-04-09T01:07:06+00:00","dateModified":"2024-02-11T13:05:02+00:00","breadcrumb":{"@id":"https:\/\/fbassocies-avocats.fr\/?team_manager=test-beta#breadcrumb"},"inLanguage":"fr-FR","potentialAction":[{"@type":"ReadAction","target":["https:\/\/fbassocies-avocats.fr\/?team_manager=test-beta"]}]},{"@type":"BreadcrumbList","@id":"https:\/\/fbassocies-avocats.fr\/?team_manager=test-beta#breadcrumb","itemListElement":[{"@type":"ListItem","position":1,"name":"Home","item":"https:\/\/fbassocies-avocats.fr\/"},{"@type":"ListItem","position":2,"name":"Team","item":"https:\/\/fbassocies-avocats.fr\/?post_type=team_manager"},{"@type":"ListItem","position":3,"name":"Ma\u00eetre Mathieu BARONET"}]},{"@type":"WebSite","@id":"https:\/\/fbassocies-avocats.fr\/#website","url":"https:\/\/fbassocies-avocats.fr\/","name":"","description":"","potentialAction":[{"@type":"SearchAction","target":{"@type":"EntryPoint","urlTemplate":"https:\/\/fbassocies-avocats.fr\/?s={search_term_string}"},"query-input":"required name=search_term_string"}],"inLanguage":"fr-FR"}]}},"_links":{"self":[{"href":"https:\/\/fbassocies-avocats.fr\/index.php?rest_route=\/wp\/v2\/team_manager\/955"}],"collection":[{"href":"https:\/\/fbassocies-avocats.fr\/index.php?rest_route=\/wp\/v2\/team_manager"}],"about":[{"href":"https:\/\/fbassocies-avocats.fr\/index.php?rest_route=\/wp\/v2\/types\/team_manager"}],"wp:featuredmedia":[{"embeddable":true,"href":"https:\/\/fbassocies-avocats.fr\/index.php?rest_route=\/wp\/v2\/media\/1216"}],"wp:attachment":[{"href":"https:\/\/fbassocies-avocats.fr\/index.php?rest_route=%2Fwp%2Fv2%2Fmedia&parent=955"}],"wp:term":[{"taxonomy":"team_groups","embeddable":true,"href":"https:\/\/fbassocies-avocats.fr\/index.php?rest_route=%2Fwp%2Fv2%2Fteam_groups&post=955"},{"taxonomy":"team_designation","embeddable":true,"href":"https:\/\/fbassocies-avocats.fr\/index.php?rest_route=%2Fwp%2Fv2%2Fteam_designation&post=955"},{"taxonomy":"team_department","embeddable":true,"href":"https:\/\/fbassocies-avocats.fr\/index.php?rest_route=%2Fwp%2Fv2%2Fteam_department&post=955"},{"taxonomy":"team_genders","embeddable":true,"href":"https:\/\/fbassocies-avocats.fr\/index.php?rest_route=%2Fwp%2Fv2%2Fteam_genders&post=955"}],"curies":[{"name":"wp","href":"https:\/\/api.w.org\/{rel}","templated":true}]}}

Maître Mathieu BARONET

<div class="entry-content"><span style="color: #808080; font-family: tahoma,arial,helvetica,sans-serif; font-size: 12pt;"><strong>Qualité </strong>: Avocat associé</span></div>
<div><span style="color: #808080; font-family: tahoma,arial,helvetica,sans-serif; font-size: 12pt;"><strong>Prestation de serment </strong>: 2009</span></div>
<div class="entry-content"><span style="color: #808080; font-family: tahoma,arial,helvetica,sans-serif; font-size: 12pt;"><strong>Diplômes </strong>: Master 2 Droit et pratique des relations du travail, Faculté de Sceaux ; CAPA, CRFPA de Versailles.</span><br />
<span style="color: #808080; font-family: tahoma,arial,helvetica,sans-serif; font-size: 12pt;"><b>Description </b>: Avocat fondateur du cabinet, il est référent en matière de droit administratif, commercial, pénal et social. </span></div>
<div> </div>

<!-- This site is optimized with the Yoast SEO plugin v21.9.1 - https://yoast.com/wordpress/plugins/seo/ -->
<title>Maître Mathieu BARONET -</title>
<meta name="robots" content="index, follow, max-snippet:-1, max-image-preview:large, max-video-preview:-1" />
<link rel="canonical" href="https://fbassocies-avocats.fr/?team_manager=test-beta" />
<meta property="og:locale" content="fr_FR" />
<meta property="og:type" content="article" />
<meta property="og:title" content="Maître Mathieu BARONET -" />
<meta property="og:description" content="Qualité : Avocat associé Prestation de serment : 2009 Diplômes : Master 2 Droit et pratique des relations du travail, Faculté de Sceaux ; CAPA, CRFPA de Versailles. Description : Avocat fondateur du cabinet, il est référent en matière de droit administratif, commercial, pénal et social.   " />
<meta property="og:url" content="https://fbassocies-avocats.fr/?team_manager=test-beta" />
<meta property="article:modified_time" content="2024-02-11T13:05:02+00:00" />
<meta property="og:image" content="https://fbassocies-avocats.fr/wp-content/uploads/2020/04/photo-mathieu.png" />
	<meta property="og:image:width" content="412" />
	<meta property="og:image:height" content="431" />
	<meta property="og:image:type" content="image/png" />
<meta name="twitter:card" content="summary_large_image" />
<meta name="twitter:label1" content="Durée de lecture estimée" />
	<meta name="twitter:data1" content="1 minute" />
<script type="application/ld+json" class="yoast-schema-graph">{"@context":"https://schema.org","@graph":[{"@type":"WebPage","@id":"https://fbassocies-avocats.fr/?team_manager=test-beta","url":"https://fbassocies-avocats.fr/?team_manager=test-beta","name":"Maître Mathieu BARONET -","isPartOf":{"@id":"https://fbassocies-avocats.fr/#website"},"datePublished":"2020-04-09T01:07:06+00:00","dateModified":"2024-02-11T13:05:02+00:00","breadcrumb":{"@id":"https://fbassocies-avocats.fr/?team_manager=test-beta#breadcrumb"},"inLanguage":"fr-FR","potentialAction":[{"@type":"ReadAction","target":["https://fbassocies-avocats.fr/?team_manager=test-beta"]}]},{"@type":"BreadcrumbList","@id":"https://fbassocies-avocats.fr/?team_manager=test-beta#breadcrumb","itemListElement":[{"@type":"ListItem","position":1,"name":"Home","item":"https://fbassocies-avocats.fr/"},{"@type":"ListItem","position":2,"name":"Team","item":"https://fbassocies-avocats.fr/?post_type=team_manager"},{"@type":"ListItem","position":3,"name":"Maître Mathieu BARONET"}]},{"@type":"WebSite","@id":"https://fbassocies-avocats.fr/#website","url":"https://fbassocies-avocats.fr/","name":"","description":"","potentialAction":[{"@type":"SearchAction","target":{"@type":"EntryPoint","urlTemplate":"https://fbassocies-avocats.fr/?s={search_term_string}"},"query-input":"required name=search_term_string"}],"inLanguage":"fr-FR"}]}</script>
<!-- / Yoast SEO plugin. -->

Maître Mathieu BARONET -

Qualité : Avocat associé Prestation de serment : 2009 Diplômes : Master 2 Droit et pratique des relations du travail, Faculté de Sceaux ; CAPA, CRFPA de Versailles. Description : Avocat fondateur du cabinet, il est référent en matière de droit administratif, commercial, pénal et social.
